{"id":841,"date":"2018-02-24T20:54:29","date_gmt":"2018-02-24T20:54:29","guid":{"rendered":"https:\/\/www.grenc-immobilien.de\/?page_id=841"},"modified":"2024-12-12T20:09:51","modified_gmt":"2024-12-12T20:09:51","slug":"hausverwaltung","status":"publish","type":"page","link":"https:\/\/www.grenc-immobilien.de\/?page_id=841","title":{"rendered":"Hausverwaltung"},"content":{"rendered":"<p><section class=\"kc-elm kc-css-696657 kc_row xt_kc_row_has_container xt_kc_row_has_padding\"><div class=\"xt-kc-row-container  container\"><div class=\"kc-wrap-columns clearfix\"><div class=\"kc-elm kc-css-443353 kc_col-sm-12 kc_column kc_col-sm-12\"><div class=\"kc-col-container\">\n<div class=\"kc-elm kc-css-579063 kc-title-wrap \">\n\n\t<h1 class=\"kc_title\">Das Thema Hausverwaltung ist unser Metier<\/h1>\n<\/div>\n<\/div><\/div><\/div><\/div><\/section><section class=\"kc-elm kc-css-288128 kc_row xt_kc_row_has_container xt_kc_row_has_padding\"><div class=\"xt-kc-row-container  container\"><div class=\"kc-wrap-columns clearfix\"><div class=\"kc-elm kc-css-682811 kc_col-sm-6 kc_column kc_col-sm-6\"><div class=\"kc-col-container\"><div class=\"kc-elm kc-css-713362 kc_text_block\"><\/p>\n<p><strong>Wir sind eine Zertifizierte &#8211; Hausverwaltung<\/strong><\/p>\n<p><span style=\"font-weight: 400;\">Wir schauen auf viele Jahre Erfahrung im Bereich von Hausverwaltungen zur\u00fcck, sodass wir Ihnen die besten Leistungen bieten k\u00f6nnen. Egal, welche Aufgaben wir f\u00fcr Sie \u00fcbernehmen, Sie k\u00f6nnen sich auf eine <\/span>fachgerechte Ausf\u00fchrung<span style=\"font-weight: 400;\"> verlassen. Bei einem pers\u00f6nlichen Beratungstermin zeigen wir Ihnen gerne unsere Referenzen auf, damit Sie sich einen besseren \u00dcberblick verschaffen k\u00f6nnen. <\/span><\/p>\n<p>\n<\/div><\/div><\/div><div class=\"kc-elm kc-css-317010 kc_col-sm-6 kc_column kc_col-sm-6\"><div class=\"kc-col-container\"><div class=\"kc-elm kc-css-631339 kc_text_block\"><\/p>\n<p>\n<span style=\"font-weight: 400;\">Neben Ihrem Alltagsgesch\u00e4ft fehlt Ihnen die n\u00f6tige Zeit, um sich mit dem Thema Hausverwaltung umfassend auseinanderzusetzen? Z\u00f6gern Sie nicht, sich unseren Service von Grenc Immobilien zu Nutze zu machen. Zu unseren Leistungen z\u00e4hlen in diesem Bereich die Kontenverwaltung, die \u00dcbernahme von Nebenkostenabrechnungen, die Erstellung eines Wirtschaftsplans oder auch die Durchf\u00fchrung einer Eigent\u00fcmerversammlung. <\/span>Ersparen Sie sich<span style=\"font-weight: 400;\"> dadurch <\/span>viel Stress<span style=\"font-weight: 400;\"> und gewinnen Sie mehr <\/span>Zeit f\u00fcr Ihre Aufgaben<span style=\"font-weight: 400;\">. <\/span><\/p>\n<p>\n<\/div><\/div><\/div><\/div><\/div><\/section><section class=\"kc-elm kc-css-277462 kc_row xt_kc_row_has_container xt_kc_row_has_padding\"><div class=\"xt-kc-row-container  container\"><div class=\"kc-wrap-columns clearfix\"><div class=\"kc-elm kc-css-842545 kc_col-sm-3 kc_column kc_col-sm-3\"><div class=\"kc-col-container\">\t \r\n    \t<div class=\"features-box\">\r\n    \t\t<div class=\"features-icon\"><i class=\"sl-credit-card\"><\/i><\/div>    \t\t<div class=\"features-content\"><h4>Kontoverwaltung<\/h4><p><\/p><\/div>        <\/div>\r\n          \r\n    <\/div><\/div><div class=\"kc-elm kc-css-3093 kc_col-sm-3 kc_column kc_col-sm-3\"><div class=\"kc-col-container\">\t \r\n    \t<div class=\"features-box\">\r\n    \t\t<div class=\"features-icon\"><i class=\"sl-map\"><\/i><\/div>    \t\t<div class=\"features-content\"><h4>Erstellung eines Wirtschaftsplans<\/h4><p><\/p><\/div>        <\/div>\r\n          \r\n    <\/div><\/div><div class=\"kc-elm kc-css-561856 kc_col-sm-3 kc_column kc_col-sm-3\"><div class=\"kc-col-container\">\t \r\n    \t<div class=\"features-box\">\r\n    \t\t<div class=\"features-icon\"><i class=\"sl-people\"><\/i><\/div>    \t\t<div class=\"features-content\"><h4>Durchf\u00fchrungen von Versammlungen<\/h4><p><\/p><\/div>        <\/div>\r\n          \r\n    <\/div><\/div><div class=\"kc-elm kc-css-297936 kc_col-sm-3 kc_column kc_col-sm-3\"><div class=\"kc-col-container\">\t \r\n    \t<div class=\"features-box\">\r\n    \t\t<div class=\"features-icon\"><i class=\"sl-home\"><\/i><\/div>    \t\t<div class=\"features-content\"><h4>Objektbegehungen<\/h4><p><\/p><\/div>        <\/div>\r\n          \r\n    <\/div><\/div><\/div><\/div><\/section><section class=\"kc-elm kc-css-140076 kc_row xt_kc_row_has_container xt_kc_row_has_padding\"><div class=\"xt-kc-row-container  container\"><div class=\"kc-wrap-columns clearfix\"><div class=\"kc-elm kc-css-791786 kc_col-sm-12 kc_column kc_col-sm-12\"><div class=\"kc-col-container\">\n<div class=\"kc-elm kc-css-205982 kc-testimo kc-testi-layout-1\">\n\n\t<figure class=\"content-image\"><img src=\"https:\/\/www.grenc-immobilien.de\/wp-content\/uploads\/2018\/02\/gm_white_1024-150x150.jpg\" alt=\"\"><\/figure><div class=\"content-desc\">Schreiben Sie mir eine E-Mail<\/div><div class=\"content-title\">Michael Grenc<\/div><div class=\"content-position\">Info@Grenc-Immobilien.de<\/div>\n<\/div>\n<\/div><\/div><\/div><\/div><\/section><section class=\"kc-elm kc-css-61890 kc_row xt_kc_row_has_container xt_kc_row_has_padding\"><div class=\"xt-kc-row-container  container\"><div class=\"kc-wrap-columns clearfix\"><div class=\"kc-elm kc-css-242286 kc_col-sm-12 kc_column kc_col-sm-12\"><div class=\"kc-col-container\">\r\n\t      \t<div class=\"portfolio-wrapper\">\r\n\r\n\t      \t\t\t\t            <!-- Gallery controls -->\r\n\t\t            \t\t\t         \r\n\t\t\t            <div class=\"controls text-center\">\r\n\t\t\t              \t<a class=\"filter active\" data-filter=\"all\">Alle<\/a>\r\n\t\t\t\t            \t\t\t\t            \t<a class=\"filter\" data-filter=\".bedroom\">Schlafzimmer<\/a>\r\n\t\t\t\t            \t\t\t\t            \t<a class=\"filter\" data-filter=\".living-room\">Wohnzimmer<\/a>\r\n\t\t\t\t            \t\t\t\t            \t<a class=\"filter\" data-filter=\".zufahrt\">Zufahrt<\/a>\r\n\t\t\t\t            \t\t\t            <\/div>\r\n\t\t\t        \t\t            <!-- End Gallery Controls -->\r\n\t          \t\r\n\t\t        <!-- Gallery Recent Projects -->\r\n\t\t        <div class=\"portfolio-list\">\r\n\t\t            \t\t\t\t\t\t\t\t\t\t\t<div class=\"col-lg-3 col-md-4 col-sm-6 col-xs-12 mix living-room\">\r\n\t\t\t\t\t\t\t<div class=\"portfolio-item\">\r\n\r\n\t\t\t\t\t\t\t\t<img width=\"640\" height=\"480\" src=\"https:\/\/www.grenc-immobilien.de\/wp-content\/uploads\/2017\/09\/one-640x480.jpg\" class=\"attachment-appulse_property_gallery_thum size-appulse_property_gallery_thum wp-post-image\" alt=\"\" loading=\"lazy\" srcset=\"https:\/\/www.grenc-immobilien.de\/wp-content\/uploads\/2017\/09\/one-640x480.jpg 640w, https:\/\/www.grenc-immobilien.de\/wp-content\/uploads\/2017\/09\/one-600x450.jpg 600w\" sizes=\"(max-width: 640px) 100vw, 640px\" \/>\r\n\t\t\t\t\t\t\t\t\t\t\t\t\t\t\t\t\t<div class=\"overlay\">\r\n\t\t\t\t\t\t\t\t\t\t<div class=\"icon\">\r\n\t\t\t\t\t\t\t\t\t\t\t<a href=\"https:\/\/www.grenc-immobilien.de\/?estatex_gallery=living-room\"><i class=\"icon-link left\"><\/i><\/a>\r\n\t\t\t\t\t\t\t\t\t\t\t<a href=\"https:\/\/www.grenc-immobilien.de\/wp-content\/uploads\/2017\/09\/one.jpg\" class=\"lightbox\"><i class=\"icon-eye right\"><\/i><\/a>\r\n\t\t\t\t\t\t\t\t\t\t<\/div>               \r\n\t\t\t\t\t\t\t\t\t<\/div>\r\n\t\t\t\t\t\t\t\t\r\n\t\t\t\t\t\t\t\t\t\t\t\t\t\t\t\t\t<div class=\"content\">\r\n\t\t\t\t\t\t\t\t\t\t<h3><a href=\"https:\/\/www.grenc-immobilien.de\/?estatex_gallery=living-room\">Wohnzimmer<\/a><\/h3>\r\n\t\t\t\t\t\t\t\t\t\t\t\t\t\t\t\t\t\t\t<\/div>\r\n\t\t\t\t\t\t\t\t\r\n\t\t\t\t\t\t\t<\/div>            \r\n\t\t\t\t\t\t<\/div>\r\n\t\t\t           \r\n\t\t\t    \t\t\t\t\t\t\t\t\t\t\t<div class=\"col-lg-3 col-md-4 col-sm-6 col-xs-12 mix zufahrt\">\r\n\t\t\t\t\t\t\t<div class=\"portfolio-item\">\r\n\r\n\t\t\t\t\t\t\t\t<img width=\"640\" height=\"480\" src=\"https:\/\/www.grenc-immobilien.de\/wp-content\/uploads\/2017\/09\/old-791038_1280-copy-640x480.jpg\" class=\"attachment-appulse_property_gallery_thum size-appulse_property_gallery_thum wp-post-image\" alt=\"\" loading=\"lazy\" srcset=\"https:\/\/www.grenc-immobilien.de\/wp-content\/uploads\/2017\/09\/old-791038_1280-copy-640x480.jpg 640w, https:\/\/www.grenc-immobilien.de\/wp-content\/uploads\/2017\/09\/old-791038_1280-copy-600x450.jpg 600w\" sizes=\"(max-width: 640px) 100vw, 640px\" \/>\r\n\t\t\t\t\t\t\t\t\t\t\t\t\t\t\t\t\t<div class=\"overlay\">\r\n\t\t\t\t\t\t\t\t\t\t<div class=\"icon\">\r\n\t\t\t\t\t\t\t\t\t\t\t<a href=\"https:\/\/www.grenc-immobilien.de\/?estatex_gallery=house-bedroom\"><i class=\"icon-link left\"><\/i><\/a>\r\n\t\t\t\t\t\t\t\t\t\t\t<a href=\"https:\/\/www.grenc-immobilien.de\/wp-content\/uploads\/2017\/09\/old-791038_1280-copy.jpg\" class=\"lightbox\"><i class=\"icon-eye right\"><\/i><\/a>\r\n\t\t\t\t\t\t\t\t\t\t<\/div>               \r\n\t\t\t\t\t\t\t\t\t<\/div>\r\n\t\t\t\t\t\t\t\t\r\n\t\t\t\t\t\t\t\t\t\t\t\t\t\t\t\t\t<div class=\"content\">\r\n\t\t\t\t\t\t\t\t\t\t<h3><a href=\"https:\/\/www.grenc-immobilien.de\/?estatex_gallery=house-bedroom\">Denkmalschutz<\/a><\/h3>\r\n\t\t\t\t\t\t\t\t\t\t\t\t\t\t\t\t\t\t\t<\/div>\r\n\t\t\t\t\t\t\t\t\r\n\t\t\t\t\t\t\t<\/div>            \r\n\t\t\t\t\t\t<\/div>\r\n\t\t\t           \r\n\t\t\t    \t\t\t\t\t\t\t\t\t\t\t<div class=\"col-lg-3 col-md-4 col-sm-6 col-xs-12 mix zufahrt\">\r\n\t\t\t\t\t\t\t<div class=\"portfolio-item\">\r\n\r\n\t\t\t\t\t\t\t\t<img width=\"640\" height=\"480\" src=\"https:\/\/www.grenc-immobilien.de\/wp-content\/uploads\/2017\/09\/luxury-home-2412145_1280-copy-640x480.jpg\" class=\"attachment-appulse_property_gallery_thum size-appulse_property_gallery_thum wp-post-image\" alt=\"\" loading=\"lazy\" srcset=\"https:\/\/www.grenc-immobilien.de\/wp-content\/uploads\/2017\/09\/luxury-home-2412145_1280-copy-640x480.jpg 640w, https:\/\/www.grenc-immobilien.de\/wp-content\/uploads\/2017\/09\/luxury-home-2412145_1280-copy-600x450.jpg 600w\" sizes=\"(max-width: 640px) 100vw, 640px\" \/>\r\n\t\t\t\t\t\t\t\t\t\t\t\t\t\t\t\t\t<div class=\"overlay\">\r\n\t\t\t\t\t\t\t\t\t\t<div class=\"icon\">\r\n\t\t\t\t\t\t\t\t\t\t\t<a href=\"https:\/\/www.grenc-immobilien.de\/?estatex_gallery=anastasia-avenue\"><i class=\"icon-link left\"><\/i><\/a>\r\n\t\t\t\t\t\t\t\t\t\t\t<a href=\"https:\/\/www.grenc-immobilien.de\/wp-content\/uploads\/2017\/09\/luxury-home-2412145_1280-copy.jpg\" class=\"lightbox\"><i class=\"icon-eye right\"><\/i><\/a>\r\n\t\t\t\t\t\t\t\t\t\t<\/div>               \r\n\t\t\t\t\t\t\t\t\t<\/div>\r\n\t\t\t\t\t\t\t\t\r\n\t\t\t\t\t\t\t\t\t\t\t\t\t\t\t\t\t<div class=\"content\">\r\n\t\t\t\t\t\t\t\t\t\t<h3><a href=\"https:\/\/www.grenc-immobilien.de\/?estatex_gallery=anastasia-avenue\">Ferienhaus<\/a><\/h3>\r\n\t\t\t\t\t\t\t\t\t\t\t\t\t\t\t\t\t\t\t<\/div>\r\n\t\t\t\t\t\t\t\t\r\n\t\t\t\t\t\t\t<\/div>            \r\n\t\t\t\t\t\t<\/div>\r\n\t\t\t           \r\n\t\t\t    \t\t\t\t\t\t\t\t\t\t\t<div class=\"col-lg-3 col-md-4 col-sm-6 col-xs-12 mix zufahrt\">\r\n\t\t\t\t\t\t\t<div class=\"portfolio-item\">\r\n\r\n\t\t\t\t\t\t\t\t<img width=\"640\" height=\"480\" src=\"https:\/\/www.grenc-immobilien.de\/wp-content\/uploads\/2017\/09\/architecture-1867187_1280-copy-640x480.jpg\" class=\"attachment-appulse_property_gallery_thum size-appulse_property_gallery_thum wp-post-image\" alt=\"\" loading=\"lazy\" srcset=\"https:\/\/www.grenc-immobilien.de\/wp-content\/uploads\/2017\/09\/architecture-1867187_1280-copy-640x480.jpg 640w, https:\/\/www.grenc-immobilien.de\/wp-content\/uploads\/2017\/09\/architecture-1867187_1280-copy-600x450.jpg 600w\" sizes=\"(max-width: 640px) 100vw, 640px\" \/>\r\n\t\t\t\t\t\t\t\t\t\t\t\t\t\t\t\t\t<div class=\"overlay\">\r\n\t\t\t\t\t\t\t\t\t\t<div class=\"icon\">\r\n\t\t\t\t\t\t\t\t\t\t\t<a href=\"https:\/\/www.grenc-immobilien.de\/?estatex_gallery=friedliches-zuhause\"><i class=\"icon-link left\"><\/i><\/a>\r\n\t\t\t\t\t\t\t\t\t\t\t<a href=\"https:\/\/www.grenc-immobilien.de\/wp-content\/uploads\/2017\/09\/architecture-1867187_1280-copy.jpg\" class=\"lightbox\"><i class=\"icon-eye right\"><\/i><\/a>\r\n\t\t\t\t\t\t\t\t\t\t<\/div>               \r\n\t\t\t\t\t\t\t\t\t<\/div>\r\n\t\t\t\t\t\t\t\t\r\n\t\t\t\t\t\t\t\t\t\t\t\t\t\t\t\t\t<div class=\"content\">\r\n\t\t\t\t\t\t\t\t\t\t<h3><a href=\"https:\/\/www.grenc-immobilien.de\/?estatex_gallery=friedliches-zuhause\">Holzbauhaus<\/a><\/h3>\r\n\t\t\t\t\t\t\t\t\t\t\t\t\t\t\t\t\t\t\t<\/div>\r\n\t\t\t\t\t\t\t\t\r\n\t\t\t\t\t\t\t<\/div>            \r\n\t\t\t\t\t\t<\/div>\r\n\t\t\t           \r\n\t\t\t    \t\t\t\t\t\t\t\t\t\t\t<div class=\"col-lg-3 col-md-4 col-sm-6 col-xs-12 mix bedroom\">\r\n\t\t\t\t\t\t\t<div class=\"portfolio-item\">\r\n\r\n\t\t\t\t\t\t\t\t<img width=\"640\" height=\"480\" src=\"https:\/\/www.grenc-immobilien.de\/wp-content\/uploads\/2017\/09\/room-2269594_1280-640x480.jpg\" class=\"attachment-appulse_property_gallery_thum size-appulse_property_gallery_thum wp-post-image\" alt=\"\" loading=\"lazy\" srcset=\"https:\/\/www.grenc-immobilien.de\/wp-content\/uploads\/2017\/09\/room-2269594_1280-640x480.jpg 640w, https:\/\/www.grenc-immobilien.de\/wp-content\/uploads\/2017\/09\/room-2269594_1280-600x450.jpg 600w\" sizes=\"(max-width: 640px) 100vw, 640px\" \/>\r\n\t\t\t\t\t\t\t\t\t\t\t\t\t\t\t\t\t<div class=\"overlay\">\r\n\t\t\t\t\t\t\t\t\t\t<div class=\"icon\">\r\n\t\t\t\t\t\t\t\t\t\t\t<a href=\"https:\/\/www.grenc-immobilien.de\/?estatex_gallery=beautiful-house-2\"><i class=\"icon-link left\"><\/i><\/a>\r\n\t\t\t\t\t\t\t\t\t\t\t<a href=\"https:\/\/www.grenc-immobilien.de\/wp-content\/uploads\/2017\/09\/room-2269594_1280.jpg\" class=\"lightbox\"><i class=\"icon-eye right\"><\/i><\/a>\r\n\t\t\t\t\t\t\t\t\t\t<\/div>               \r\n\t\t\t\t\t\t\t\t\t<\/div>\r\n\t\t\t\t\t\t\t\t\r\n\t\t\t\t\t\t\t\t\t\t\t\t\t\t\t\t\t<div class=\"content\">\r\n\t\t\t\t\t\t\t\t\t\t<h3><a href=\"https:\/\/www.grenc-immobilien.de\/?estatex_gallery=beautiful-house-2\">Modernes Schlafzimmer<\/a><\/h3>\r\n\t\t\t\t\t\t\t\t\t\t\t\t\t\t\t\t\t\t\t<\/div>\r\n\t\t\t\t\t\t\t\t\r\n\t\t\t\t\t\t\t<\/div>            \r\n\t\t\t\t\t\t<\/div>\r\n\t\t\t           \r\n\t\t\t    \t\t\t\t\t\t\t\t\t\t\t<div class=\"col-lg-3 col-md-4 col-sm-6 col-xs-12 mix bedroom\">\r\n\t\t\t\t\t\t\t<div class=\"portfolio-item\">\r\n\r\n\t\t\t\t\t\t\t\t<img width=\"640\" height=\"480\" src=\"https:\/\/www.grenc-immobilien.de\/wp-content\/uploads\/2017\/09\/bed-1839184_1280-640x480.jpg\" class=\"attachment-appulse_property_gallery_thum size-appulse_property_gallery_thum wp-post-image\" alt=\"\" loading=\"lazy\" srcset=\"https:\/\/www.grenc-immobilien.de\/wp-content\/uploads\/2017\/09\/bed-1839184_1280-640x480.jpg 640w, https:\/\/www.grenc-immobilien.de\/wp-content\/uploads\/2017\/09\/bed-1839184_1280-600x450.jpg 600w\" sizes=\"(max-width: 640px) 100vw, 640px\" \/>\r\n\t\t\t\t\t\t\t\t\t\t\t\t\t\t\t\t\t<div class=\"overlay\">\r\n\t\t\t\t\t\t\t\t\t\t<div class=\"icon\">\r\n\t\t\t\t\t\t\t\t\t\t\t<a href=\"https:\/\/www.grenc-immobilien.de\/?estatex_gallery=luxury-house\"><i class=\"icon-link left\"><\/i><\/a>\r\n\t\t\t\t\t\t\t\t\t\t\t<a href=\"https:\/\/www.grenc-immobilien.de\/wp-content\/uploads\/2017\/09\/bed-1839184_1280.jpg\" class=\"lightbox\"><i class=\"icon-eye right\"><\/i><\/a>\r\n\t\t\t\t\t\t\t\t\t\t<\/div>               \r\n\t\t\t\t\t\t\t\t\t<\/div>\r\n\t\t\t\t\t\t\t\t\r\n\t\t\t\t\t\t\t\t\t\t\t\t\t\t\t\t\t<div class=\"content\">\r\n\t\t\t\t\t\t\t\t\t\t<h3><a href=\"https:\/\/www.grenc-immobilien.de\/?estatex_gallery=luxury-house\">Luxus Haus<\/a><\/h3>\r\n\t\t\t\t\t\t\t\t\t\t\t\t\t\t\t\t\t\t\t<\/div>\r\n\t\t\t\t\t\t\t\t\r\n\t\t\t\t\t\t\t<\/div>            \r\n\t\t\t\t\t\t<\/div>\r\n\t\t\t           \r\n\t\t\t    \t\t\t\t\t\t\t\t\t\t\t<div class=\"col-lg-3 col-md-4 col-sm-6 col-xs-12 mix bedroom\">\r\n\t\t\t\t\t\t\t<div class=\"portfolio-item\">\r\n\r\n\t\t\t\t\t\t\t\t<img width=\"640\" height=\"480\" src=\"https:\/\/www.grenc-immobilien.de\/wp-content\/uploads\/2017\/09\/indoor-2650995_1280-640x480.jpg\" class=\"attachment-appulse_property_gallery_thum size-appulse_property_gallery_thum wp-post-image\" alt=\"\" loading=\"lazy\" srcset=\"https:\/\/www.grenc-immobilien.de\/wp-content\/uploads\/2017\/09\/indoor-2650995_1280-640x480.jpg 640w, https:\/\/www.grenc-immobilien.de\/wp-content\/uploads\/2017\/09\/indoor-2650995_1280-600x450.jpg 600w\" sizes=\"(max-width: 640px) 100vw, 640px\" \/>\r\n\t\t\t\t\t\t\t\t\t\t\t\t\t\t\t\t\t<div class=\"overlay\">\r\n\t\t\t\t\t\t\t\t\t\t<div class=\"icon\">\r\n\t\t\t\t\t\t\t\t\t\t\t<a href=\"https:\/\/www.grenc-immobilien.de\/?estatex_gallery=luxury-house-copy\"><i class=\"icon-link left\"><\/i><\/a>\r\n\t\t\t\t\t\t\t\t\t\t\t<a href=\"https:\/\/www.grenc-immobilien.de\/wp-content\/uploads\/2017\/09\/indoor-2650995_1280.jpg\" class=\"lightbox\"><i class=\"icon-eye right\"><\/i><\/a>\r\n\t\t\t\t\t\t\t\t\t\t<\/div>               \r\n\t\t\t\t\t\t\t\t\t<\/div>\r\n\t\t\t\t\t\t\t\t\r\n\t\t\t\t\t\t\t\t\t\t\t\t\t\t\t\t\t<div class=\"content\">\r\n\t\t\t\t\t\t\t\t\t\t<h3><a href=\"https:\/\/www.grenc-immobilien.de\/?estatex_gallery=luxury-house-copy\">Luxus Haus<\/a><\/h3>\r\n\t\t\t\t\t\t\t\t\t\t\t\t\t\t\t\t\t\t\t<\/div>\r\n\t\t\t\t\t\t\t\t\r\n\t\t\t\t\t\t\t<\/div>            \r\n\t\t\t\t\t\t<\/div>\r\n\t\t\t           \r\n\t\t\t    \t\t\t\t\t\t\t\t\t\t\t<div class=\"col-lg-3 col-md-4 col-sm-6 col-xs-12 mix \">\r\n\t\t\t\t\t\t\t<div class=\"portfolio-item\">\r\n\r\n\t\t\t\t\t\t\t\t<img width=\"640\" height=\"480\" src=\"https:\/\/www.grenc-immobilien.de\/wp-content\/uploads\/2017\/09\/hotel-2720938_1280-640x480.jpg\" class=\"attachment-appulse_property_gallery_thum size-appulse_property_gallery_thum wp-post-image\" alt=\"\" loading=\"lazy\" srcset=\"https:\/\/www.grenc-immobilien.de\/wp-content\/uploads\/2017\/09\/hotel-2720938_1280-640x480.jpg 640w, https:\/\/www.grenc-immobilien.de\/wp-content\/uploads\/2017\/09\/hotel-2720938_1280-300x225.jpg 300w, https:\/\/www.grenc-immobilien.de\/wp-content\/uploads\/2017\/09\/hotel-2720938_1280-768x576.jpg 768w, https:\/\/www.grenc-immobilien.de\/wp-content\/uploads\/2017\/09\/hotel-2720938_1280-1024x768.jpg 1024w, https:\/\/www.grenc-immobilien.de\/wp-content\/uploads\/2017\/09\/hotel-2720938_1280-600x450.jpg 600w, https:\/\/www.grenc-immobilien.de\/wp-content\/uploads\/2017\/09\/hotel-2720938_1280.jpg 1280w\" sizes=\"(max-width: 640px) 100vw, 640px\" \/>\r\n\t\t\t\t\t\t\t\t\t\t\t\t\t\t\t\t\t<div class=\"overlay\">\r\n\t\t\t\t\t\t\t\t\t\t<div class=\"icon\">\r\n\t\t\t\t\t\t\t\t\t\t\t<a href=\"https:\/\/www.grenc-immobilien.de\/?estatex_gallery=luxury-house-2\"><i class=\"icon-link left\"><\/i><\/a>\r\n\t\t\t\t\t\t\t\t\t\t\t<a href=\"https:\/\/www.grenc-immobilien.de\/wp-content\/uploads\/2017\/09\/hotel-2720938_1280.jpg\" class=\"lightbox\"><i class=\"icon-eye right\"><\/i><\/a>\r\n\t\t\t\t\t\t\t\t\t\t<\/div>               \r\n\t\t\t\t\t\t\t\t\t<\/div>\r\n\t\t\t\t\t\t\t\t\r\n\t\t\t\t\t\t\t\t\t\t\t\t\t\t\t\t\t<div class=\"content\">\r\n\t\t\t\t\t\t\t\t\t\t<h3><a href=\"https:\/\/www.grenc-immobilien.de\/?estatex_gallery=luxury-house-2\">Schlafzimmer<\/a><\/h3>\r\n\t\t\t\t\t\t\t\t\t\t\t\t\t\t\t\t\t\t\t<\/div>\r\n\t\t\t\t\t\t\t\t\r\n\t\t\t\t\t\t\t<\/div>            \r\n\t\t\t\t\t\t<\/div>\r\n\t\t\t           \r\n\t\t\t           \r\n\t\t \r\n\t\t        <\/div>\r\n        \t\t<!-- End Gallery  -->\r\n  \t\t\t<\/div>\r\n\r\n\t\t<\/div><\/div><\/div><\/div><\/section><\/p>\n","protected":false},"excerpt":{"rendered":"","protected":false},"author":1,"featured_media":0,"parent":0,"menu_order":0,"comment_status":"closed","ping_status":"closed","template":"","meta":[],"_links":{"self":[{"href":"https:\/\/www.grenc-immobilien.de\/index.php?rest_route=\/wp\/v2\/pages\/841"}],"collection":[{"href":"https:\/\/www.grenc-immobilien.de\/index.php?rest_route=\/wp\/v2\/pages"}],"about":[{"href":"https:\/\/www.grenc-immobilien.de\/index.php?rest_route=\/wp\/v2\/types\/page"}],"author":[{"embeddable":true,"href":"https:\/\/www.grenc-immobilien.de\/index.php?rest_route=\/wp\/v2\/users\/1"}],"replies":[{"embeddable":true,"href":"https:\/\/www.grenc-immobilien.de\/index.php?rest_route=%2Fwp%2Fv2%2Fcomments&post=841"}],"version-history":[{"count":31,"href":"https:\/\/www.grenc-immobilien.de\/index.php?rest_route=\/wp\/v2\/pages\/841\/revisions"}],"predecessor-version":[{"id":1262,"href":"https:\/\/www.grenc-immobilien.de\/index.php?rest_route=\/wp\/v2\/pages\/841\/revisions\/1262"}],"wp:attachment":[{"href":"https:\/\/www.grenc-immobilien.de\/index.php?rest_route=%2Fwp%2Fv2%2Fmedia&parent=841"}],"curies":[{"name":"wp","href":"https:\/\/api.w.org\/{rel}","templated":true}]}}