{"id":97,"date":"2017-09-14T18:20:18","date_gmt":"2017-09-14T18:20:18","guid":{"rendered":"http:\/\/estatex.wpbranch.com\/?page_id=97"},"modified":"2018-02-22T10:42:17","modified_gmt":"2018-02-22T10:42:17","slug":"about-us","status":"publish","type":"page","link":"https:\/\/www.grenc-immobilien.de\/?page_id=97","title":{"rendered":"\u00dcber uns"},"content":{"rendered":"<p><section class=\"kc-elm kc-css-404662 kc_row xt_kc_row_has_container xt_kc_row_has_padding\"><div class=\"xt-kc-row-container  container\"><div class=\"kc-wrap-columns clearfix\"><div class=\"kc-elm kc-css-507621 kc_col-sm-6 kc_column kc_col-sm-6 about\"><div class=\"kc-col-container\"><h5 class=\"section-title text-default margin-bottom-small margin-top-no-margin title-color-gray\">\u00dcber uns<\/h5><h2 class=\"section-title text-default margin-bottom-medium margin-top-no-margin title-color-dark\">Lernen Sie uns kennen<\/h2><div class=\"kc-elm kc-css-315430 kc_text_block\"><\/p>\n<div>Grenc Immobilien ist ein modernes und erfahrenes Unternehmen, das sich auf die professionelle Vermittlung und Bewertung von Immobilien in Berlin, Brandenburg &#038; Hamburg spezialisiert hat.<\/div>\n<p>F\u00fcr unsere Kunden sind wir immer mit Leidenschaft und Tatkraft am Werk. Keine Aufgabe, die uns zu gro\u00df ist, keine Herausforderung, die wir nicht annehmen w\u00fcrden, um Sie auf bestm\u00f6glichem Wege zufriedenzustellen.<\/p>\n<p>Das unterscheidet uns sicher von vielen anderen. Und darauf sind wir stolz.<\/p>\n<p>Das Team von Grenc Immobilien funktioniert so gut, weil wir Immobilien und die vielf\u00e4ltigen Aufgaben unserer Branche lieben. Jede Wohnung, jedes Haus hat eine Geschichte, der wir gerne nachgehen, um sie mit Ihnen fortzuschreiben und fortzuf\u00fchren. Daf\u00fcr engagieren wir uns Tag f\u00fcr Tag.<\/p>\n<p><strong>Unser Team besteht aus<\/strong><\/p>\n<ul>\n<li>Immobilienmaklern<\/li>\n<li>Professionellen Fotographen<\/li>\n<li>Architekten f\u00fcr individuelle Gestaltung ihres Eigenheims<\/li>\n<li>Tischler \/ Bauunternehmer die Ihre Vorstellung verwirklichen<\/li>\n<\/ul>\n<p><strong>ALLES AUS EINER HAND<\/strong><\/p>\n<p>GRENC IMMOBILIEN<\/p>\n<p>Das Fundament von Grenc Immobilien<\/p>\n<blockquote>\n<p>> Diskretion und Ehrlichkeit <<\/p>\n<\/blockquote>\n<p>Zufriedene Kunden sind unser Kapital. Denn letztendlich machen sie unseren Erfolg aus. Ein Erfolg, der bei Grenc Immobilien vor allem auf Diskretion und Ehrlichkeit gebaut ist. Und nat\u00fcrlich auf gro\u00dfem Know-how und qualitativem Service. Unsere Kunden sch\u00e4tzen das \u2013 und wir sch\u00e4tzen unsere Kunden. Darum empfehlen sie uns auch gerne weiter.<\/p>\n<p>\n<\/div><\/div><\/div><div class=\"kc-elm kc-css-330239 kc_col-sm-6 kc_column kc_col-sm-6\"><div class=\"kc-col-container\"><div class=\"kc-elm kc-css-422569 kc_shortcode kc_single_image xt-theme-primary-image\">\n\n        <img src=\"https:\/\/www.grenc-immobilien.de\/wp-content\/uploads\/2017\/09\/img1-1.jpg\" class=\"\" alt=\"\" \/>    <\/div>\n<\/div><\/div><\/div><\/div><\/section><section class=\"kc-elm kc-css-150933 kc_row xt_kc_row_has_container xt_kc_row_has_padding\"><div class=\"xt-kc-row-container  container\"><div class=\"kc-wrap-columns clearfix\"><div class=\"kc-elm kc-css-713593 kc_col-sm-12 kc_column kc_col-sm-12\"><div class=\"kc-col-container\">\t \r\n        \t\t    \t<div class=\"col-lg-3 col-md-4 col-sm-6 col-xs-12\">\r\n\t\t\t\t<div class=\"counting\">\r\n\t\t          \t<div class=\"desc\">\r\n\t\t                <div class=\"icon\"><i class=\"sl-home\"><\/i><h3 class=\"counter\">566<\/h3><\/div><p>Projekte<\/p>\t\t          \t<\/div>\r\n\t\t        <\/div>\r\n\t\t    <\/div>\r\n    \t\t    \t<div class=\"col-lg-3 col-md-4 col-sm-6 col-xs-12\">\r\n\t\t\t\t<div class=\"counting\">\r\n\t\t          \t<div class=\"desc\">\r\n\t\t                <div class=\"icon\"><i class=\"sl-key\"><\/i><h3 class=\"counter\">321<\/h3><\/div><p>Verkauft<\/p>\t\t          \t<\/div>\r\n\t\t        <\/div>\r\n\t\t    <\/div>\r\n    \t\t    \t<div class=\"col-lg-3 col-md-4 col-sm-6 col-xs-12\">\r\n\t\t\t\t<div class=\"counting\">\r\n\t\t          \t<div class=\"desc\">\r\n\t\t                <div class=\"icon\"><i class=\"sl-emotsmile\"><\/i><h3 class=\"counter\">450<\/h3><\/div><p>Zufriedene Kunden<\/p>\t\t          \t<\/div>\r\n\t\t        <\/div>\r\n\t\t    <\/div>\r\n    \t\t    \t<div class=\"col-lg-3 col-md-4 col-sm-6 col-xs-12\">\r\n\t\t\t\t<div class=\"counting\">\r\n\t\t          \t<div class=\"desc\">\r\n\t\t                <div class=\"icon\"><i class=\"sl-trophy\"><\/i><h3 class=\"counter\">120<\/h3><\/div><p>Auszeichnungen<\/p>\t\t          \t<\/div>\r\n\t\t        <\/div>\r\n\t\t    <\/div>\r\n    \t              \r\n    <\/div><\/div><\/div><\/div><\/section><section class=\"kc-elm kc-css-579915 kc_row xt_kc_row_has_container xt_kc_row_has_padding\"><div class=\"xt-kc-row-container  container\"><div class=\"kc-wrap-columns clearfix\"><div class=\"kc-elm kc-css-649041 kc_col-sm-12 kc_column kc_col-sm-12\"><div class=\"kc-col-container\"><h2 class=\"section-title text-center margin-bottom-small margin-top-no-margin title-color-dark\">\u00dcberzeugen Sie sich selbst von unserer T\u00e4tigkeit<\/h2><div class=\"kc-elm kc-css-84281 kc_text_block\"><\/p>\n<p><b>Grenc Immobilien \u2013 Ihr erfolgreicher Immobilienmakler aus Hamburg, Berlin und Brandenburg<br \/><\/b><\/p>\n<p>\n<\/div><\/div><\/div><\/div><\/div><\/section><\/p>\n","protected":false},"excerpt":{"rendered":"","protected":false},"author":1,"featured_media":0,"parent":0,"menu_order":0,"comment_status":"closed","ping_status":"closed","template":"","meta":[],"_links":{"self":[{"href":"https:\/\/www.grenc-immobilien.de\/index.php?rest_route=\/wp\/v2\/pages\/97"}],"collection":[{"href":"https:\/\/www.grenc-immobilien.de\/index.php?rest_route=\/wp\/v2\/pages"}],"about":[{"href":"https:\/\/www.grenc-immobilien.de\/index.php?rest_route=\/wp\/v2\/types\/page"}],"author":[{"embeddable":true,"href":"https:\/\/www.grenc-immobilien.de\/index.php?rest_route=\/wp\/v2\/users\/1"}],"replies":[{"embeddable":true,"href":"https:\/\/www.grenc-immobilien.de\/index.php?rest_route=%2Fwp%2Fv2%2Fcomments&post=97"}],"version-history":[{"count":6,"href":"https:\/\/www.grenc-immobilien.de\/index.php?rest_route=\/wp\/v2\/pages\/97\/revisions"}],"predecessor-version":[{"id":713,"href":"https:\/\/www.grenc-immobilien.de\/index.php?rest_route=\/wp\/v2\/pages\/97\/revisions\/713"}],"wp:attachment":[{"href":"https:\/\/www.grenc-immobilien.de\/index.php?rest_route=%2Fwp%2Fv2%2Fmedia&parent=97"}],"curies":[{"name":"wp","href":"https:\/\/api.w.org\/{rel}","templated":true}]}}